rmine i(-6).
12
Let o(p) = 4*p**2 - 20*p + 11. Give o(5).
11
Let f(x) = -2*x**2 - 3*x - 1. What is f(3)?
-28
Let d(g) = -3*g**3 + 4*g**2 - 2*g - 2. Give d(2).
-14
Let h(d) = -d**2 - 3*d - 5. Determine h(-5).
-15
Let w(z) = z**3 + 24*z**2 - 26*z + 8. Determine w(-25).
33
Let h(i) = 51*i - 1128. Determine h(22).
-6
Let g(s) = 4*s. What is g(-17)?
-68
Let t(j) = -3*j**2 - 3*j - 1. Calculate t(2).
-19
Let x(g) = -g**2 - 11*g - 1. Calculate x(-11).
-1
Let y(u) = 3*u**2 + 22*u + 6. Give y(-7).
-1
Let t(j) = -316*j + 632. Determine t(2).
0
Let j(x) = -4*x - 5. Give j(-3).
7
Let j(h) = -3*h**3 + h**2 - 2*h + 4. Calculate j(2).
-20
Let r(f) = -8*f**2 + 1. Calculate r(1).
-7
Let c(u) = 5*u + 68. Calculate c(-17).
-17
Let j(t) = -t**2 - 17*t - 6. Give j(-17).
-6
Let k(l) = l**2 - 6*l - 1. Determine k(4).
-9
Let d(m) = -211*m + 1276. Give d(6).
10
Let c(o) = o + 51. Calculate c(-39).
12
Let p(n) = 2*n + 4. Determine p(11).
26
Let b(n) = 3*n - 6. Determine b(-7).
-27
Let p(w) = -w**2 - 12*w + 34. Determine p(-14).
6
Let r(c) = 2*c + 45. Calculate r(-19).
7
Let n(f) = -12*f**3 - f**2 + 1. Determine n(1).
-12
Let q(t) = 37*t**3 - 3*t + 2. Determine q(1).
36
Let a(x) = -x + 2. Determine a(3).
-1
Let c(i) = i**2 + 8*i - 28. Determine c(-14).
56
Let l(a) = 2*a**3 - 5*a**2 - a - 1. What is l(4)?
43
Let o(z) = -92*z**3 - 2*z**2 + 2. Calculate o(1).
-92
Let o(h) = -h**2 - 8*h + 6. Calculate o(-9).
-3
Let i(s) = -7*s**3 + s**2 - s - 1. Give i(-2).
61
Let x(a) = 10*a - 1. Determine x(-2).
-21
Let c(a) = -4*a - 8. Give c(-7).
20
Let f(v) = -v**3 + 3*v**2 + 8*v - 13. Give f(3).
11
Let s(w) = -w**3 + 7*w**2 - 3*w + 5. Give s(8).
-83
Let r(k) = -k**3 + 6*k**2 + 8*k - 2. What is r(7)?
5
Let p(i) = 28*i - 199. Calculate p(7).
-3
Let y(b) = -b**2 + 9*b - 8. Calculate y(8).
0
Let j(v) = -v**2 + 2*v. What is j(-1)?
-3
Let n(c) = -2*c - 1. Give n(-2).
3
Let h(f) = f**2 + 7*f - 14. Calculate h(-11).
30
Let g(d) = -d**3 - 4*d**2 + 11*d - 70. What is g(-7)?
0
Let w(j) = 5*j**3 + 3*j + 3. Calculate w(-1).
-5
Let i(z) = 3*z - 9. Calculate i(4).
3
Let v(r) = r**3 - 10*r**2 + 16*r - 3. Calculate v(8).
-3
Let y(p) = 4*p**2 - p - 1. What is y(2)?
13
Let f(g) = -g**2 + 36*g - 156. Calculate f(31).
-1
Let q(h) = -10*h**2 + h + 8. Determine q(-2).
-34
Let d(o) = o**2 + 24*o + 116. Calculate d(-17).
-3
Let t(y) = -y - 44. Calculate t(-36).
-8
Let b(k) = k**2 + 25*k + 26. Give b(-24).
2
Let u(m) = m**2 + 13*m + 6. Determine u(-7).
-36
Let a(b) = b**3 - 2*b**2 - 7*b - 21. Give a(5).
19
Let i(c) = c**3 + 3*c**2 + 2. Give i(-3).
2
Let h(k) = -2*k**3 + k - 27. Determine h(0).
-27
Let v(n) = -6*n - 126. Determine v(-16).
-30
Let m(a) = -a - 22. Determine m(-23).
1
Let p(r) = r**3 + 17*r**2 + 32*r + 14. Calculate p(-14).
154
Let t(a) = -a**2 - 10*a + 8. What is t(-14)?
-48
Let b(u) = u**3 + 10*u**2 + 16*u - 7. What is b(-8)?
-7
Let u(d) = -6*d**2 - 41*d + 13. Give u(-7).
6
Let j(p) = -15*p - 230. What is j(-15)?
-5
Let h(j) = j**3 + 6*j**2 - 9*j - 13. Calculate h(-7).
1
Let d(s) = -30*s - 5. What is d(-2)?
55
Let v(j) = -j**2 + 24*j - 11. Calculate v(23).
12
Let d(q) = -32*q - 507. Calculate d(-16).
5
Let o(w) = w**3 - 10*w**2 + 16*w - 11. Determine o(8).
-11
Let l(a) = a**3 + a - 41. Determine l(0).
-41
Let n(w) = -4*w - 23. What is n(-6)?
1
Let f(u) = -u + 27. What is f(4)?
23
Let q(b) = -31*b + 554. Determine q(18).
-4
Let s(c) = 6*c - 94. What is s(17)?
8
Let f(z) = -6*z - 2. Give f(-2).
10
Let q(b) = 10*b - 45. Calculate q(4).
-5
Let s(u) = u**3 - 45*u**2 + 85*u + 51. Calculate s(43).
8
Let i(q) = 3*q**3 + 3*q**2 - 2*q - 1. Calculate i(-2).
-9
Let c(b) = -6*b**3 + b**2 - b. Determine c(1).
-6
Let v(w) = -w**2 - 11*w + 6. What is v(-12)?
-6
Let f(k) = k**3 + 9*k**2 + 8*k + 2. Calculate f(-8).
2
Let f(o) = 6*o - 152. Determine f(22).
-20
Let n(q) = -q**3 + q**2 - 2*q. What is n(2)?
-8
Let n(o) = -o. Give n(6).
-6
Let l(s) = -4*s + 3. Determine l(-3).
15
Let q(x) = 2*x**3 + 5*x**2 + 5*x + 7. Calculate q(-2).
1
Let i(y) = -12*y + 4. What is i(-2)?
28
Let v(g) = -4*g**2 - 10*g + 9. Give v(-7).
-117
Let y(l) = -2*l - 29. Give y(-5).
-19
Let f(r) = 3*r - 95. Calculate f(34).
7
Let p(v) = v**2 + 6*v - 59. Determine p(-12).
13
Let v(p) = -p**2 + 10*p - 10. Calculate v(9).
-1
Let i(n) = 7*n**2 + 4*n - 1. Calculate i(2).
35
Let t(z) = z**3 + 6*z**2 - 4*z + 33. Calculate t(-7).
12
Let m(c) = -9*c - 23. Calculate m(12).
-131
Let w(u) = 43*u**2 - 2*u - 2. Calculate w(-1).
43
Let h(n) = n**2 - 7*n - 6. Give h(6).
-12
Let o(g) = g**3 + 6*g**2 - 10*g + 2. What is o(-7)?
23
Let j(k) = -k**2 - 11*k - 25. Determine j(-9).
-7
Let u(i) = i**3 - 5*i**2 - 6*i + 1. What is u(5)?
-29
Let h(n) = n**3 + 7*n**2 + 3*n + 6. Calculate h(-7).
-15
Let j(v) = -v**3 + 10*v**2 - 11*v + 14. What is j(9)?
-4
Let d(p) = 11*p. Determine d(-6).
-66
Let h(w) = -2*w**2 + w - 12. What is h(4)?
-40
Let x(i) = 48*i - 48. What is x(1)?
0
Let r(a) = a**2 - 17*a + 25. Calculate r(17).
25
Let m(l) = -l + 40. Determine m(18).
22
Let h(s) = 3*s + 4. What is h(-5)?
-11
Let i(d) = -d**2 - 20*d - 66. Determine i(-13).
25
Let v(l) = 8*l + 6. Determine v(6).
54
Let v(j) = 9*j**2 - 1. What is v(-1)?
8
Let q(l) = -39*l - 477. Calculate q(-12).
-9
Let q(y) = -y**3 - 6*y**2 + 2*y + 6. Determine q(-6).
-6
Let c(t) = t**2 + 44*t + 260. Give c(-6).
32
Let h(p) = 5*p**2 + p + 1. Calculate h(-1).
5
Let s(m) = -m + 9. Determine s(6).
3
Let k(y) = -13*y**2 + 4*y + 1. Give k(-1).
-16
Let a(g) = 42*g - 287. Determine a(6).
-35
Let a(m) = -m**3 + 19*m**2 - 17*m - 40. Calculate a(18).
-22
Let k(h) = 3*h + 24. Give k(-2).
18
Let l(v) = v**2 - 25*v + 8. Give l(24).
-16
Let x(p) = -12*p + 4. What is x(-3)?
40
Let f(g) = -2*g - 54. Give f(-21).
-12
Let c(j) = 4*j - 56. What is c(14)?
0
Let u(x) = x**2 + 5*x + 3. Calculate u(-9).
39
Let c(o) = 3*o - 15. What is c(14)?
27
Let k(y) = y**2 + 5*y + 7. Determine k(-3).
1
Let x(v) = -v**2 + 9. Give x(-7).
-40
Let k(j) = -33*j**3 - 2*j**2 + 1. Determine k(-1).
32
Let j(t) = t**2 - 10*t. Calculate j(5).
-25
Let u(f) = f**2 + 22*f + 82. What is u(-16)?
-14
Let j(d) = d**3 + 5*d**2 - d + 5. Determine j(-6).
-25
Let h(d) = -5*d + 8. Determine h(7).
-27
Let y(z) = 35*z - 246. What is y(7)?
-1
Let r(w) = 2*w - 23. Give r(10).
-3
Let a(y) = -y**3 + 5*y + 7. Determine a(-2).
5
Let w(p) = -3*p**2 + 19*p - 14. Determine w(6).
-8
Let b(x) = x**2 - 8*x - 16. Give b(16).
112
Let a(h) = -h**3 - 5*h**2 - h - 2. Determine a(-4).
-14
Let u(o) = o**3 - 5*o**2 + 22*o - 77. What is u(4)?
-5
Let p(r) = r**3 - 10*r**2 + 23*r - 18. Calculate p(7).
-4
Let s(o) = 5*o - 35. What is s(8)?
5
Let a(f) = -3*f - 11. Determine a(-14).
31
Let f(x) = x**3 - 12*x**2 - 2*x - 13. Determine f(0).
-13
Let o(i) = 2*i - 4. Give o(8).
12
Let c(r) = -r**3 + r**2 + 6. Calculate c(2).
2
Let r(a) = -a**2 - 6*a. Determine r(-7).
-7
Let g(k) = k**2 + 47*k + 244. Calculate g(-41).
-2
Let w(f) = f**3 - 25*f**2 + 23*f + 5. Give w(24).
-19
Let b(c) = c**2 - 13*c - 22. Determine b(15).
8
Let u(b) = b**3 + 6*b**2 + 7*b + 8. Calculate u(-4).
12
Let z(l) = 2*l**2 - 7*l + 7. What is z(2)?
1
Let f(w) = 7*w + 76. Determine f(-11).
-1
Let j(l) = 2*l + 91. What is j(-37)?
17
Let y(m) = -4*m - 16. Determine y(-5).
4
Let o(d) = -10*d - 9. Determine o(-7).
61
Let o(k) = -3*k**3 + 4*k**2 + k - 1. Determine o(2).
-7
Let m(a) = a**2 - 12*a + 43. Determine m(11).
32
Let c(q) = 2*q - 41. What is c(17)?
-7
Let d(b) = 6*b**3 - 2*b**2 - 5*b - 2. Calculate d(-1).
-5
Let q(u) = u**2 + 24*u - 49. Give q(-25).
-24
Let i(u) = u**2 - 14*u + 4. Give i(14).
4
Let q(h) = h**3 - 6*h**2 + 4*h + 6. What is q(6)?
30
Let d(m) = -45*m**3 + m - 3. Calculate d(1).
-47
Let d(m) = -10*m**2 - 69*m + 5. Give d(-7).
-2
Let k(h) = -5*h**2 + 7*h - 26. What is k(0)?
-26
Let o(s) = -s**3 + 18*s**2 - 54*s - 16. Determine o(14).
12
Let r(n) = -4*n**2 + 34*n + 7. Give r(9).
-11
Let u(i) = -i**2 - 11*i + 25. Give u(-17).
-77
Let m(x) = x**3 - 5*x**2 + x + 5. Calculate m(5).
10
Let g(d) = 5*d + 24. Determine g(-7).
-11
Let c(n) = -n**3 + 6*n**2 - 5*n + 3. Give c(5).
3
Let q(k) = k**3 - 4*k + 1. Determine q(2).
1
Let v(t) = -3*t - 16. Give v(-9).
11
Let t(p) = p**2 - p + 12. Determine t(6).
42
Let c(o) = o**3 - 4*o**2 - 5*o + 2. What is c(4)?
-18
Let d(n) = 10*n + 15. Determine d(-2).
-5
Let s(f) = 2*f - 9. Calculate s(9